 -4*g, -3*l - t*g = -10*g - 1123. What are the prime factors of l?
13, 29
Let l be 2/(-10) - (224/(-20) - -8). Suppose -3*x + 23*i + 3347 = 22*i, -6 = l*i. What are the prime factors of x?
5, 223
Let v(b) = 1591*b - 1851. List the prime factors of v(12).
3, 7, 821
Let n(j) = 2*j - 12. Let l be n(11). Suppose -5*h + 8*a + 50 = 5*a, 0 = 5*h + a - 50. List the prime factors of 2/h - (-128)/l.
13
Let s(a) = -4*a**3 - 4*a**2 + 9*a + 1. Let n be s(-5). List the prime factors of n + ((-3)/(-3))/(2/8).
2, 3, 5
Let m = -12688 - -25747. What are the prime factors of m?
3, 1451
Suppose -10 = 3*i - 4. Let g be 53*i*2/4. Let x = g + 60. What are the prime factors of x?
7
Suppose 71*u = 270*u - 1656277. List the prime factors of u.
7, 29, 41
List the prime factors of ((-728)/(-21))/(2/(-159))*-8.
2, 13, 53
Suppose -4*z + 0*z = x - 1099, -2*z = -x + 1099. List the prime factors of x.
7, 157
Let z be 228/5 - 108/(-270). Let f = z - -55. List the prime factors of f.
101
Let m(b) = 4*b - 39. Let o be m(11). Suppose -o*a + 1768 = 4*y, -11*a + 14*a = -y + 442. What are the prime factors of y?
2, 13, 17
Let c(q) = 215*q + 163. List the prime factors of c(4).
3, 11, 31
Let l be (4 - 0/(-7))*2/4. Suppose -32 = -l*c + 30. Suppose -3*b + 62 = -c. List the prime factors of b.
31
Suppose 50*c - 119*c + 4805680 = 146*c. List the prime factors of c.
2, 11, 127
Let p = 33172 + -13617. What are the prime factors of p?
5, 3911
Suppose 27442 = 2*f + 2*m, 0 = -2*f - 3*m + 20308 + 7139. List the prime factors of f.
2, 3, 127
Suppose 120*v + 279617 = 59*v + 74*v. What are the prime factors of v?
137, 157
Let m(n) = -3*n + 20. Let v(x) = 1. Let s(g) = -m(g) + 4*v(g). Let a be s(3). List the prime factors of 14/49 - (1023/a)/3.
7
Let l(b) = 8*b. Let w be l(2). Let c be ((-4)/(-10))/((-18)/(-765)). Suppose -i + c = -w. List the prime factors of i.
3, 11
Let o(y) = 10*y + 24. Let k be o(3). What are the prime factors of (k/(-4))/((-11)/902)?
3, 41
Suppose 4*o - 5*y = -401, 3*o - 2*y + 5 = -301. Let z = o - -143. What are the prime factors of z?
3, 13
Suppose -6*a = 6*a - 6636. Suppose 546*p + 3556 = a*p. List the prime factors of p.
2, 127
Let y(h) = 2461*h + 337. List the prime factors of y(3).
2, 5, 193
Let n(f) = -f**3 - 16*f**2 - f - 13. Let z be n(-16). Let r(k) = k**z + 2*k + 8*k**2 - 17 - 3*k + 16. What are the prime factors of r(-8)?
7
Let f be (13/(-5) + 1)/((-34)/85). Suppose 3*r + f*n - 700 = 0, 0 = 3*r + 2*n - 391 - 313. What are the prime factors of r?
2, 59
Suppose 0 = 2*m - j - 20181, 5*j + 509 = 524. List the prime factors of m.
2, 3, 29
Let g = -18 + 11. Let d be 66/(-15) - g/((-175)/(-10)). List the prime factors of (-4 - (-16)/d)*-6.
2, 3
Let b(u) = u**3 - 12*u**2 - 32*u + 11. Let y be b(14). Let o be ((-110)/8)/(y/12 - -4). What are the prime factors of (o/(-10))/(0 - 1/(-18))?
3, 11
Let k = 9302 - 1113. What are the prime factors of k?
19, 431
Suppose 0 = -8*v + 2239 + 2745. What are the prime factors of (-10 + -8)*v/(-14)?
3, 89
Suppose -1050 = -2*f - 4*x + 5*x, 5*x = f - 516. Let g = f + 66. What are the prime factors of g?
2, 37
Let o(b) = 90*b - 26. Suppose 96*k - 103*k = -14. List the prime factors of o(k).
2, 7, 11
Suppose -6*t = 84 - 1314. Let r be ((-21)/(-9) - 16/12)*t. Suppose 5*v + r - 1345 = 0. What are the prime factors of v?
2, 3, 19
Suppose 4*i + 8 = -z, -4*z - 40 = z - 4*i. Let a(t) = 9*t**3 - 6*t**3 - 3*t**3 - 8*t**2 + 4 - 2*t - t**3. List the prime factors of a(z).
2, 5
What are the prime factors of 2/((-10)/(-35)) + 1882?
1889
Let g(h) = 1320*h**3 - 37*h**2 + 74*h + 5. List the prime factors of g(2).
5, 2113
Let i(x) = 2*x**2 - 3*x - 4. Let p be i(3). Suppose 0 = a + 2*o - 256, -a + p*o + 70 = -200. List the prime factors of a.
2, 5, 13
Suppose 0 = 3*p + 4*x + 5, x - 6 = -2*p - 1. Suppose -2*g + 6 = 3*m, -3*m = g - 1 - p. List the prime factors of 22 + 3/3*(m - 3).
3, 7
Let j(x) = -4*x**2 - 5*x - 346. Let v(i) = 2*i**2 + 3*i + 173. Let p(l) = -6*j(l) - 10*v(l). List the prime factors of p(0).
2, 173
Suppose -12*c + 47*c - 164885 = 0. Suppose -56*f + 49*f = -c. List the prime factors of f.
673
Let d(g) = -61*g - 6781. List the prime factors of d(-148).
3, 7, 107
Let k(u) = 11763*u + 3358. What are the prime factors of k(2)?
2, 11, 13, 47
Let p(u) = u**3 - 11*u**2 + 11*u - 7. Suppose 4*z - 13 = 27. Let h be p(z). List the prime factors of h - ((-1222)/10 - (-9)/45).
5
Suppose -452 = -32*h - 81*h - 0. Let q(g) = 2*g**2 + 6. Let l be q(-5). Suppose 0*a - h*a + 2*i = -46, i + l = 5*a. List the prime factors of a.
11
Suppose -25*c + 27665 = 1340. List the prime factors of c.
3, 13
Let o(c) = 2*c**2 + 4. Let q be o(2). List the prime factors of (-1*2912/12)/((-4)/q).
2, 7, 13
Let s = 1577 + -2580. Let x = s + 1441. List the prime factors of x.
2, 3, 73
Suppose 16 = 4*a, -2*m + 5*m + 3*a = 24. Let j be 37/4 + ((-5)/m - -1). List the prime factors of 6/j*-6 - -33.
29
Let j(o) = -2*o + 14. Let x be j(9). Let i(k) = 4*k**2 - k + 2. Let v be i(x). List the prime factors of (-6 - -4)/((-4)/v).
5, 7
Let n be (-6)/5*(495/27)/(-11). Suppose 1280 = 3*y + y - 2*q, -946 = -3*y - n*q. List the prime factors of y.
2, 3, 53
Let a = -104 + 108. Suppose 8 + 9 = -a*g - i, 2*i = -2. What are the prime factors of ((-88)/12)/(g/78)?
11, 13
Let a = -2819 + -695. List the prime factors of 4 - ((-6)/8 - a/(-8)).
2, 3, 37
Suppose -5*f + 1639 = 5*d - 6356, 4*f + 3*d - 6392 = 0. Suppose 0*b + f = b. What are the prime factors of (-21)/56 + b/8?
199
Let y be 1/1 + 334*7/14. Suppose f - y = -g, -5*g + 73 = f - 95. What are the prime factors of f?
2, 3, 7
Suppose 5*m + 7*a = 2*a + 80, -4*a = m - 25. Let i(d) = d - 40. Let f be i(m). Let s = f + 105. List the prime factors of s.
2, 3, 13
Suppose 0 = -11*t + 6*t + 780. Let n be 2/(154/t + -1). Let a = n + 271. List the prime factors of a.
5, 23
Suppose -2*a + 3*v + 18153 = 0, -3*a + 5*v = -4*a + 9083. List the prime factors of a.
2, 3, 17, 89
Suppose 121494 + 445163 = 193*a - 643260. List the prime factors of a.
6269
What are the prime factors of -26 - (11 + -27) - 1726*-5?
2, 5, 431
What are the prime factors of (9/10)/(4 + 17/(-5))*12046?
3, 19, 317
Suppose -v = 1, 0 = n + 4*v - 6 - 10. Suppose 5*p - f = 26, -5*p + f + n = 6*f. Suppose 2*o - 140 = -p*x, -22 + 2 = 5*x. What are the prime factors of o?
2, 5
Let h(r) = 3*r - 58. Let i be h(0). Let w = i + 60. Suppose 5*g + w*f - 257 = 2*g, 0 = -4*g - f + 351. List the prime factors of g.
89
Suppose 19*b - 529742 = 270097 - 289651. List the prime factors of b.
2, 7, 137
Let g = 49854 + -23955. What are the prime factors of g?
3, 89, 97
Suppose -2*c - 28 = -4*c. Suppose -i + 6945 = c*i. List the prime factors of i.
463
Suppose -193*c + 39393 + 64895 = -177*c. List the prime factors of c.
2, 3259
Let i be (((-36)/45)/(-2))/(6/2535). Let k(o) = -10*o**2 - 4*o - 3. Let l be k(-3). Let p = i + l. What are the prime factors of p?
2, 11
Suppose -3*m + 98657 = 270*u - 271*u, -u - 65772 = -2*m. List the prime factors of m.
5, 6577
Let f = -345 + 348. Suppose -f*w + 564 = -3. List the prime factors of w.
3, 7
Let c = -26 - -95. Let m(n) = -168*n - 3259. Let i be m(-20). Let d = c + i. List the prime factors of d.
2, 5, 17
Suppose -2232*u + 2203*u + 489085 = 0. List the prime factors of u.
5, 3373
Let p = 39 - 36. Suppose 5*n - p*n = 18. What are the prime factors of (-1903)/(-99) + (-2)/n?
19
Let k = 93528 - 26433. What are the prime factors of k?
3, 5, 7, 71
Let a = 3460 - -20497. List the prime factors of a.
23957
Let j(f) = 7582*f + 4549. List the prime factors of j(4).
34877
Suppose 22*h - 66*h = -3212. List the prime factors of h.
73
Let r be 20/9 + 16/(-72). Let p(g) = -2*g**3 + 0*g**3 - 13 + 4*g - 3*g**r - 2*g**2 + 3*g**3. List the prime factors of p(6).
47
Suppose 12*z + 42 = 19*z. Suppose -l + 2*p + 249 = z*p, -p + 725 = 3*l. What are the prime factors of l?
241
Suppose -1 - 49 = -10*g. Let p be (146/8)/(1/4). Suppose p = 3*w - g*d, 2*w + 4 = -5*d + 61. List the prime factors of w.
2, 13
Suppose -3*r = -3*y - 900, -12*y = -9*y - r + 892. Let z = y - -569. What are the prime factors of z?
3, 7, 13
Suppose 4*f + 126 = 210. Suppose 2*g - 27 = -n, 7*g - 33 = -n + 3*g. Let h = n + f. List the prime factors of h.
2, 3, 7
Let n be (0 - (-1)/(-4)) + 9580/(-16). Let t = n + 889. List the 